50, -i = -3*m + 3*i + z. What are the prime factors of m?
5, 7
Suppose -1698 + 618 = -8*r. What are the prime factors of r?
3, 5
Suppose 0*w - 38 = -w. List the prime factors of w.
2, 19
Suppose 26 = -5*l - 2*f + 134, 3*l + 3*f - 63 = 0. List the prime factors of l.
2, 11
Let l(x) = x**3 + 5*x**2 + x + 5. Let o be l(-5). Let k = 2 + o. Suppose k*c = 16 - 4. What are the prime factors of c?
2, 3
Suppose -2*r + 12 = -130. Suppose -r = -5*t + k, -4*t + 31 = 5*k - 20. What are the prime factors of t?
2, 7
Let f(t) be the first derivative of t**2/2 - 3. List the prime factors of f(5).
5
Let m(y) = 16*y**2 - 12*y - 4. What are the prime factors of m(3)?
2, 13
Let g be 3 - (38 - 0/(-2)). List the prime factors of (g/(-15))/((-3)/(-45)).
5, 7
Suppose -9*h = -10*h + 167. What are the prime factors of h?
167
Let a(m) = -3*m + 1. Suppose 3*l + 34 + 8 = 0. List the prime factors of a(l).
43
Let h(q) be the second derivative of 0*q**4 + 0 - q + 1/3*q**3 - 13/20*q**5 + 1/2*q**2. What are the prime factors of h(-1)?
2, 3
Let r(t) = 18*t**2 + 2*t - 1. What are the prime factors of r(2)?
3, 5
Suppose 0 = -4*j + 20, 5*u - 640 = 3*u - 2*j. What are the prime factors of u?
3, 5, 7
Let v(g) = g**3 - 7*g**2 + 6. Let t(j) = -22*j**3 + 2*j**2 + 2*j + 1. Let w be t(-1). Suppose -w = -4*r + 5. What are the prime factors of v(r)?
2, 3
Suppose k = -h + 208, -3*k = -7*k + 8. What are the prime factors of h?
2, 103
Let f = -1 - -4. Let p(r) = 19*r - 4. What are the prime factors of p(f)?
53
Suppose 4*t = 2*t + 4. Suppose t*q = 4*i + 176, 181 = -2*q + 4*q - 5*i. List the prime factors of 4/14 - q/(-21).
2
Let h = -21 + 15. Let s(y) = -2*y - 2 + y - y. List the prime factors of s(h).
2, 5
Suppose 4*k + 6*v + 4 = v, -2*k + 12 = -v. What are the prime factors of 6 + (-8)/(k/1)?
2
Suppose 7*i = 359 - 16. List the prime factors of i.
7
Suppose 0 = 23*h - 26*h. Suppose -6*k + 326 - 80 = h. List the prime factors of k.
41
Suppose -3*w + 64 + 250 = -4*g, 518 = 5*w - 4*g. What are the prime factors of w?
2, 3, 17
Suppose -4*k + 37 = 3*u - 91, 0 = -3*u - 2*k + 136. Let w = u + -24. List the prime factors of w.
2, 3
Suppose -w - 36 = -2*w - 5*t, 5*w = -4*t + 180. Suppose j + j - w = 0. List the prime factors of j.
2, 3
Let d(x) = 0*x - 1 + 3*x - 9*x. What are the prime factors of d(-3)?
17
Suppose -15 = 4*y + 9. Let a = 8 + y. Suppose -a*v + 32 = 4. What are the prime factors of v?
2, 7
Suppose -l - 9 + 25 = 0. What are the prime factors of l?
2
Let l(h) = -h**2 + 6*h + 8. Let w be l(6). Let z = w + 5. What are the prime factors of z?
13
Let m(i) = -i**3 - 19*i**2 - 38*i + 5. What are the prime factors of m(-17)?
73
Let y(w) be the second derivative of w**4/12 - 2*w**3/3 - w**2 - 2*w. List the prime factors of y(5).
3
Suppose 12*z + 360 = 15*z. List the prime factors of z.
2, 3, 5
Let r be -1*(0 + -2 - -13). Let v = r - -15. Suppose v*b + 6 = 6*b. List the prime factors of b.
3
Let h(l) = l**3 - 17*l**2 + 21*l - 13. What are the prime factors of h(16)?
67
Suppose 0 = 5*r - 2*r - 30. Suppose -t + 55 = -7*q + 4*q, 0 = 5*t + r. Let m = q + 35. List the prime factors of m.
2
Suppose -97 = -3*v + 83. What are the prime factors of v?
2, 3, 5
Let w = -36 + 51. What are the prime factors of w?
3, 5
Suppose 5*m = 3*y - 19, -5*y + y - 4*m = 28. Suppose -5 = 5*l, u + 2*l = 1 - 2. What are the prime factors of u/(6/(-4) - y)?
2
Let p = 23 + -7. List the prime factors of p.
2
Let u(v) = -13*v - 33. List the prime factors of u(-12).
3, 41
Suppose 4*p + 5*w - 2 = 0, 6 = -5*p + w - 3*w. Let d(l) = 9 - 4 + 3*l**2 - 6 - 2*l. List the prime factors of d(p).
3, 5
Let c(y) = 2*y**2 + 3*y + 1. Let a be c(7). Suppose -5*f + a = 5. List the prime factors of f.
23
List the prime factors of ((-170)/3)/(16/6 + -3).
2, 5, 17
Suppose -3*b + 6 = -0. Suppose o + b*o - 12 = 0. What are the prime factors of o?
2
Let y(m) = -m + 1. Let z be y(-7). Let w = z - 5. What are the prime factors of w?
3
Let r(v) = v**2 - 2*v + 169. What are the prime factors of r(0)?
13
Let o(n) = -4*n**2. Let s(v) = v**2. Let t(z) = -o(z) - 5*s(z). Let g be t(0). Suppose g = -2*f + 6, 0 = -5*p - f + 3 + 10. List the prime factors of p.
2
Let t = 180 - 54. What are the prime factors of t?
2, 3, 7
Let u(d) = -17*d + 1. What are the prime factors of u(-3)?
2, 13
Suppose -2*l = 3 - 19. Let i(f) = 7*f - 12*f**3 + 13*f**3 - 3 + l*f**2 - f. What are the prime factors of i(-7)?
2
Let r(q) be the third derivative of q**5/60 + q**4/12 + q**3/3 - 2*q**2. List the prime factors of r(-4).
2, 5
Let g(c) = -17*c - 1. List the prime factors of g(-1).
2
Suppose -3*t - 150 = -5*t. What are the prime factors of t?
3, 5
Let d = 2 + 12. Suppose 4*f + d = 46. List the prime factors of f.
2
Let t(p) = 2*p**2 + 5*p - 1. Let y(g) = -4*g - 3. Let i be y(-5). Suppose 2*u + 11 = -3*x - 0*x, 0 = 3*u + 5*x + i. What are the prime factors of t(u)?
11
Suppose 4*l - 40 = -m - 0*m, 5*l - 29 = 4*m. Let g = -6 + l. Suppose -4*q = 5*c - 45, -2*q + g*c = c. What are the prime factors of q?
5
Suppose -3*j - 3*l + l = -118, -3*j = 3*l - 114. List the prime factors of j.
2, 3, 7
Suppose 6*l - 974 = 730. List the prime factors of l.
2, 71
What are the prime factors of 24/36 - (-400)/3?
2, 67
Let x(w) = w**3 + 7*w**2 + 7*w + 6. Let d be (25/(-10))/(1/2). What are the prime factors of x(d)?
3, 7
Let p(q) = 28*q**2 + q + 13. List the prime factors of p(-3).
2, 131
List the prime factors of 2/(-6) + 414/27.
3, 5
Suppose -38 = -5*h + 17. What are the prime factors of h?
11
Let w be 1*(1 - 0/2). Let m be 5 + w + (-3 - -1). Suppose -2*s + 3*r = -32 - m, -4*s + r = -52. List the prime factors of s.
2, 3
Suppose -4*o - 4*q + 692 = 0, -2*o - 2*o + 662 = -2*q. What are the prime factors of o?
2, 3, 7
Let y be -1*(-1 + 2) - -2. Suppose j = 8 + y. List the prime factors of j.
3
Let x be 2 - ((-27)/(-3))/(-1). Suppose r = 2*r - x. List the prime factors of r.
11
Let m(z) be the third derivative of 5*z**4/24 - 7*z**3/6 + 2*z**2. What are the prime factors of m(4)?
13
What are the prime factors of 10/(-15) + 115*20/12?
191
Suppose -4*d - d = -2*l + 9, -5*d + 63 = 4*l. What are the prime factors of l?
2, 3
Let c = 1 - 1. Let r(n) = -n**3 - n**2 - n + 19. What are the prime factors of r(c)?
19
List the prime factors of (-446)/4*3/(-3)*2.
223
Let y = 29 + -21. List the prime factors of y.
2
Let z be 1/4 - 70/(-8). Let h = z + 2. List the prime factors of h.
11
Suppose 1 = 3*m + 4. Let t(z) = 7*z**2 + z. Let n be t(m). Suppose 4*r - 3*w = 28, -2*r + 2*w = -n*r + 28. What are the prime factors of r?
7
Suppose -14 - 39 = -3*v - r, 2*r + 92 = 5*v. What are the prime factors of v?
2, 3
Let o = -3 + 3. Let q be 9/2*2/3. Suppose 5*w - 17 - q = o. What are the prime factors of w?
2
Let q = 26 - -50. List the prime factors of q.
2, 19
Suppose 25 = 3*a + 2*a. Suppose 0 = -5*t + 3*v, -a*v + 3*v + 25 = 5*t. List the prime factors of t.
3
Suppose a = 5*z + 70 + 147, 0 = 2*a - 4*z - 458. What are the prime factors of a?
3, 79
Suppose 0*f + f + 1 = 0. What are the prime factors of f*(-3)/(-9)*-87?
29
Let b(l) = 2*l - 12. Let x be b(-9). Let n = x + 59. What are the prime factors of n?
29
Let p = 6 + -2. Suppose 0*q + p*t - 34 = -3*q, 0 = 3*q - 3*t - 48. List the prime factors of q.
2, 7
Let a be (-34)/(-10) + (-6)/15. Suppose -n + 2*b = -a*n - 16, 0 = b. What are the prime factors of (-78)/n + 2/8?
2, 5
Suppose 0 = -0*t - 3*t. Suppose t = -5*k + 4 + 56. Suppose -37 + k = -5*g. What are the prime factors of g?
5
Let g = 2 - 1. Suppose 5*x - h = 25, x = -h - 0 - g. What are the prime factors of x?
2
Let r(i) = i**2 + 13*i - 3. List the prime factors of r(-14).
11
Suppose 112 = t - 2*x, 4*t + 6*x - x = 513. List the prime factors of t.
2, 61
Let c(t) = -t - 11. Let l be c(14). Let r be (-2)/5 + 18/(-5). Let g = r - l. What are the prime factors of g?
3, 7
Suppose 4*x - 297 = -x - t, 0 = -5*x - 4*t + 288. Let l = 27 - 25. Suppose -l*v - x = -6*v. What are the prime factors of v?
3, 5
Let s(o) = o**3 + 7*o**2 + 6*o + 4. Suppose -4*h = 29 - 5. List the prime factors of s(h).
2
Suppose -27*b + 24*b = -261. What are the prime factors of b?
3, 29
Let t(f) = -37*f + 12. List the prime factors of t(-5).
197
Suppose 0 = -2*c + 4*c + 2*r + 6, -3*r - 5 = c. Let q be (1/(-3))/(c/12). Suppose 0 = 5*w - 25, -4*g - q*w + 55 = -